3*x + 2 + 1 = 0. Let h be (2 + -92)*(-1)/x. Suppose -3*a - 30 + h = 2*c, c + 91 = 4*a. Is a composite?
True
Suppose -2*f + 0 = 8, 5*f + 34 = -2*u. Let j(p) = -101*p + 38. Is j(u) composite?
True
Let h(t) = 4281*t**2 - 22*t + 44. Is h(3) a prime number?
False
Let v be 8/(-6)*(-18)/6. Suppose -721 = -3*h + 2*n, 5*n = -h + v*h - 727. Is h composite?
False
Let p be 4/18 + 12/(-54). Suppose -2*u + 509 = -d, p*u - 1021 = -4*u + 5*d. Is u composite?
True
Let c be ((-9)/27 + (-88)/3)*-12. Suppose 0 = 5*o + 5, -2*o + 110 = 5*k + 3*o. Let d = c + k. Is d a prime number?
True
Suppose 0 = 2*s + 3*s - 6265. Is 0 + 0 + 8 + s composite?
True
Let n(b) = 3*b - 5. Let u(c) = -c. Let p(j) = 2*n(j) + 4*u(j). Let g be p(7). Let t(s) = 37*s - 2. Is t(g) prime?
False
Let r be 16/(-1 - 3) + 2 + 1444. Suppose -7*m + 567 = -r. Is m prime?
False
Let l(y) = -y**3 - 6*y**2 + 6*y - 7. Let d be l(-7). Suppose d = -h + 4 - 1. Suppose 4*c + 4*m = -0*m + 152, h*c - 120 = -5*m. Is c prime?
False
Suppose 3 = -3*s - 3. Let q be (-4)/(s + 4) + 143. Suppose -4*z = -207 - q. Is z composite?
True
Suppose -4*z + 41 = 13. Let s(k) = 4*k - 1 + 1 - 2 + 5. Is s(z) composite?
False
Suppose 1828*f - 13523 = 1827*f. Is f a composite number?
False
Is (1*26)/((-46)/(-3427)) a composite number?
True
Let z(d) = -4*d**2 - 7*d + 19. Let l be z(8). Let b = l - -994. Is b a composite number?
False
Let u(g) = g**3 + 5*g**2 - g - 9. Let q be u(-5). Is (-59)/(8 + q - 5) a prime number?
True
Let j(w) = 1103*w**2 + 3*w + 3. Is j(-1) composite?
False
Let s be 21 + (2 + -3 - 2). Suppose -c + s = 46. Let n = c + 51. Is n a prime number?
True
Let a(y) = y**2 - 23. Is a(30) prime?
True
Let y = -2 + 23. Is (y/(-15) + 2)*445 composite?
True
Suppose 4*j + 5*r - 8069 = 0, 3*j + 2*j + 5*r = 10090. Is j a prime number?
False
Suppose -39648 = -4*r + 2*w, -3*r + 8*r + 2*w - 49569 = 0. Is r a composite number?
True
Let q(m) = -m**3 + 25*m**2. Let p be q(25). Suppose -7*i + 5578 + 1443 = p. Is i a composite number?
True
Is ((-1285)/25)/((-2)/10) composite?
False
Let b = 5128 + -621. Is b a prime number?
True
Suppose -4852 - 9192 = -v. Suppose 2247 = 11*j - v. Is j a composite number?
False
Suppose -3*b - 4*u = 143, 5*u + 69 + 161 = -5*b. Let d = 378 - b. Is d composite?
False
Let t = 15 - 10. Suppose -w - t*r = -784, -w + r = w - 1546. Suppose -840 = -6*b + w. Is b a composite number?
False
Let f be (-1)/(-2) - (-66)/12. Suppose -1174 = -f*v + 668. Is v prime?
True
Let a = 52 + -90. Let u = a + 86. Suppose n - 113 = u. Is n prime?
False
Let f = -14 - -15. Is -2*(-1)/f*3 a composite number?
True
Let z(v) = 7*v**2 + 17*v - 217. Is z(16) prime?
True
Let a(y) = 170*y**2 - 8*y + 2. Let k be a(-4). Let s be k/(-15) - 4/10. Let t = -125 - s. Is t a prime number?
True
Suppose 3*g = 3*i + 3951, 4*g - 839 = 5*i + 4427. Is g a composite number?
False
Suppose 0 = 5*d + 20, -3*z = -d + 5*d - 14018. Is z a prime number?
False
Suppose 4*i - 5 = -3*o - 40, -5*i = 4*o + 45. Let a = o - -5. Suppose a = -2*b + 311 - 85. Is b a composite number?
False
Suppose -20*u = 12*u - 46880. Is u a prime number?
False
Let l be 310/(-15) - (-2)/3. Let k be l/(-1)*6/15. Let p(o) = o**2 + 3*o + 3. Is p(k) prime?
False
Let d(n) = -2 + 5*n + 11 + 2 + 14 + 6*n**2. Is d(-6) composite?
False
Suppose -g + 5 = -w, -g + 4*g + 2*w = 15. Suppose -4*d = -4*s - 12, -4*d + 4*s = g*s - 7. Suppose t = d*j + 511, -j - 243 = -t + 268. Is t a prime number?
False
Let w = 50 - 46. Suppose 0 = -4*x - 3*l + 7349, 5378 = w*x + 5*l - 1977. Is x prime?
False
Let q be 697/5 - (-8)/(-20). Suppose -q - 753 = -4*d. Is d a composite number?
False
Let t be 18 + 3*(-6)/9. Is 22/4*(-2 + t) a composite number?
True
Suppose 3*k + 3*i - 3 = 0, 21 - 5 = k - 4*i. Suppose o - a = k*a + 2924, 0 = 4*o + 5*a - 11821. Is o prime?
False
Let l(s) = -s**3 - 14*s**2 - 18*s - 32. Is l(-21) a composite number?
False
Suppose -q - 5*x = -378 + 90, 4*x = -3*q + 842. Suppose -a - 31 = -q. Is a a composite number?
True
Let s(r) = 18*r**2 + 67*r - 206. Is s(3) a composite number?
False
Suppose 0 = 3*z - 6, s - 5*z = -0*z - 11. Let w = s + 1. Suppose 2*i = -k - w*k + 118, -2*i + 2*k + 118 = 0. Is i a prime number?
True
Is 3 + 43/(-15) - 179499/(-45) a prime number?
True
Suppose 3*q + 1197 = 3*m - 408, -4*q + 540 = m. Suppose 181 + m = f. Is f composite?
True
Let g(p) = -311*p. Let b(n) = -4*n**3 + n. Let j be b(1). Is g(j) prime?
False
Let f be -441 - (-3 - (4 + -2)). Let c = -41 - f. Is c prime?
False
Suppose -24448 = -11*l + 138825. Is l a composite number?
False
Let b be 14/2 - (17 - 16). Let k be 1*(5 + b/(-3)). Suppose -4*i + 4 = 0, y + 4*i = k*y - 470. Is y a prime number?
False
Let i be 5/(-3)*(-77 - -2). Suppose -150 = -5*l + i. Suppose -4*z = -l - 37. Is z a prime number?
True
Let q(a) = a**3 + 4*a**2 - 26*a + 2. Is q(9) a composite number?
False
Suppose 0 = 8*i - 4*i + 16. Let n(r) = 48*r**2 + 11*r + 10. Is n(i) prime?
False
Let k(t) = 2*t**3 - 5*t**2 - t - 9. Let w(g) be the first derivative of g**4/4 + g**2/2 + 3. Let v(x) = k(x) - 3*w(x). Is v(-6) a prime number?
False
Let u = 5 + -3. Suppose 2*a + 5*g = -a + 1906, 4*a - 2532 = -u*g. Suppose 0 = -4*j - m + a, 3*j - 3*m - 493 = m. Is j a prime number?
False
Let a(c) = -2*c - 4*c + 5*c + 67 + 9*c. Is a(18) a composite number?
False
Let a = -15 + 19. Suppose m - 13 = -a*t, -m + 3 = -2. Suppose 5*b - 3*b = -2*c + 398, 4*b + t*c = 800. Is b a composite number?
True
Let q(v) = v**3 - 2*v**2 - 2*v + 251. Is q(0) composite?
False
Let c = -43 + 25. Let t = c + 119. Let n = t - -26. Is n a prime number?
True
Let p(q) = q**2 + 9*q + 7. Suppose 0 = -2*u + d + 26, -5*u - 6 + 71 = 3*d. Is p(u) prime?
True
Suppose 5*r = -0*r - 4*u - 750, -5*u + 121 = -r. Let b = r + 385. Is b a composite number?
False
Suppose -5*c = -3*c. Let f(r) = -r + 95. Let n be f(c). Suppose -3*q + 8*q = n. Is q a prime number?
True
Is ((-25)/(-10) + -4)/(3/(-8834)) a composite number?
True
Suppose -3*r - h + 13 = r, 0 = -4*h - 12. Let f be 4/(-8) - 754/r. Let g = 268 + f. Is g prime?
True
Let h = 596618 + -365853. Is h prime?
False
Let k(q) = 11 - 2*q + 21*q + 6*q + 23*q. Is k(5) prime?
True
Let q be 4/14 - 2/7. Let a = q + 5. Suppose a*c - x = 708, 0 = c - 0*c - 3*x - 150. Is c prime?
False
Let v = -31 - -25. Let l be 108/(-15)*45/v. Suppose 4*r + 73 = 3*u - 0*r, 4*r + l = 2*u. Is u composite?
False
Suppose -w = -1 - 0. Let l be (1 - (w - 0))*1. Suppose 4*d = -l*d + 232. Is d a composite number?
True
Is ((-1)/(-2))/(9 - 4374750/486084) composite?
False
Let i(v) = 8*v - 2. Let b be i(9). Let y = 126 - b. Suppose -4*m + 124 = 3*x, 0*m - 3*x = 2*m - y. Is m a composite number?
True
Let q = -21 - -18. Let g(t) = -28*t. Let h be g(q). Let z = h - 7. Is z a composite number?
True
Suppose -35*a = -30*a - 935. Let c = 590 - a. Is c composite?
True
Let m(t) = -3*t**2 - 3*t + 5. Let y(d) = -d**2 - d. Let s(v) = -m(v) + y(v). Is s(-3) a composite number?
False
Let r(m) = m**2 + 12*m - 5. Let y(t) = -2*t**2 - 25*t + 10. Let a(k) = -13*r(k) - 6*y(k). Let i be a(-6). Let d = i - 3. Is d a prime number?
True
Let k = 107231 + -48908. Is k prime?
False
Suppose 2*u + 7 + 3 = -4*h, 6 = -3*h - 2*u. Let l be 12*(-4)/(-4 + h). Is 15/(l*5/50) composite?
True
Let u(y) = -y**3 + 6*y**2 - 4*y - 10. Let l be u(3). Suppose -l*h + 736 = 11*h. Is h composite?
True
Suppose -7*s = -4*s + 12. Is (1 - (-6)/s)/(28/(-48328)) composite?
False
Let h be (-1 - -1)*4/(-4). Let i be 7*((-72)/28 - h). Is (1017/i)/((-1)/6) a prime number?
False
Suppose -9431 - 9391 = -6*b. Is b a composite number?
False
Suppose -4*n = -3*o + 15582 + 8667, 5*n - 32332 = -4*o. Is o prime?
False
Let b(j) = -j**3 + 12*j**2 + 11*j + 31. Let q be b(13). Suppose 4835 = 5*w + y - 4*y, -4835 = -q*w + y. Is w a prime number?
True
Let j = 1052 + -411. Is j a prime number?
True
Suppose 4*f = -5*p - 219, -p = 1 + 2. Let u(a) = 15*a - 2. Let l be u(6). Let h = l + f. Is h a composite number?
False
Let t = -9158 - -13147. Is t a prime number?
True
Let p(o) = o + 14. Let y be p(-12). Suppose 2*a - m - 958 = 2*m, 5*m + 958 = y*a. Is a a composite number?
False
Let r(s) be the second derivative of s**4/12 - 2*s**3/3 - 5*s**2 - 2*s. Let m be r(7). Suppose 4*b = m - 3, b = -3*y + 383. Is y a prime number?
True
Let y = 29147 - 17524. Let t = y - 5120. Is t a p